6
Let a be (78/(-52))/(2/(-40)). What is the highest common divisor of a and 50?
10
Suppose 43*v - 23296 = 17*v. Calculate the highest common factor of v and 128.
128
Suppose u - n = 4*n + 48, 3*u + 4*n - 49 = 0. Calculate the greatest common factor of 2 and u.
1
Let z(u) = -6*u - 2. Let q be z(-3). Suppose -4*n = 4 - q. Suppose n*a - a = 80. Calculate the greatest common factor of 10 and a.
10
Let p = 1265 - 209. Calculate the highest common factor of p and 24.
24
Let l be 6/((-49)/26 - -2). Let d(a) = -3*a**3 - 50*a**2 + 76*a + 85. Let o be d(-18). What is the highest common factor of l and o?
13
Let d = 65 - 101. Let p = 47 + d. Calculate the highest common factor of p and 99.
11
Let g = -3 + 1. Let o be g/(-6) + (-78)/(-9). Suppose -j + 17 = -0*i - 4*i, 2*j - 8 = -5*i. What is the highest common divisor of o and j?
9
Let y(g) = 22*g**2 - 2*g + 1. Let j be y(1). Let w = -22 + j. Let t be -2 + 37 + 0/w. What is the greatest common divisor of 7 and t?
7
Suppose -5*b = -5*i - 40, 3*b + b - 37 = 5*i. Suppose -k - b = -27. What is the greatest common divisor of k and 264?
24
Suppose -5*j + 0*j - 625 = 0. Let h = j - -175. Suppose -27*p - 200 = -35*p. Calculate the greatest common factor of h and p.
25
Suppose -c + 2 = 0, -5*a - 4*c = -0*a - 968. Let u = -217 - -241. What is the highest common divisor of u and a?
24
Let q be 1/(4*2/88). Calculate the highest common factor of 176 and q.
11
Suppose w = 5*o - 19, 31*o - 29*o = w + 4. Calculate the highest common divisor of 174 and w.
6
Let v = -44 + 39. Let y = -4 - v. What is the highest common factor of 11 and y?
1
Let p be ((-4)/3)/((-138)/(-18) + -8). Calculate the greatest common divisor of 100 and p.
4
Let v(a) = -3*a + 119. Let l be v(28). Calculate the highest common divisor of 14 and l.
7
Suppose 5*d + 4*f - 95 = 0, f + 0*f + 97 = 4*d. Suppose -1042 = -2*l + 1028. Suppose -2*v = 3*v - l. What is the highest common factor of v and d?
23
Let g(n) = 5*n - 5. Let l be g(10). Let c be 155/(6 + -1) - (4 - 0). Calculate the highest common divisor of c and l.
9
Let g(t) = t**2 + 14*t - 93. Let b be g(-20). What is the greatest common divisor of b and 108?
27
Suppose 0 = -0*b - 4*b + 12. Suppose -9 = -2*j + 8*f - b*f, 0 = 2*j - 3*f - 11. Suppose j*g = 8*g - 5. Calculate the highest common factor of 55 and g.
5
Suppose -3*r - 7 = -13. Suppose -4*f + 64 = 3*i, 0*f = -4*f + r*i + 44. Let b be 0 - f/((-39)/54). What is the highest common divisor of b and 162?
18
Let q = -64 - -152. Let n = q - 80. Calculate the highest common factor of 128 and n.
8
Let r = -1831 + 1967. What is the greatest common factor of 20 and r?
4
Let r be (5 - 64/12)*603. Let x = r - -306. Calculate the greatest common divisor of x and 21.
21
Let x(l) = -l. Let u be x(4). Let v be (3/u)/((-36)/96). Suppose -v*q - 6 = 2*a - 20, -16 = -4*a - q. Calculate the greatest common divisor of 2 and a.
1
Let s = 40 - 40. Suppose u + 5*v = 47, 4*u - 4*v = -s*u + 68. Suppose 3*k = 7*k - 132. What is the greatest common divisor of k and u?
11
Let p = -54 - -47. Let d = 17 + p. Calculate the greatest common factor of d and 80.
10
Let h(i) = -i**3 + 2*i**2 + i - 5. Let y be h(4). Let t = y - -40. Calculate the highest common factor of 7 and t.
7
Let w = -452 + 505. What is the highest common factor of w and 848?
53
Let q(w) = w**2 - 31*w + 59. Let h be q(30). What is the highest common factor of h and 29?
29
Let y(s) = 9*s**2 + 12*s - 52. Let h be y(3). Calculate the highest common divisor of h and 2665.
65
Suppose 16*u = 14*u - 60. Let g = 63 + u. What is the greatest common divisor of g and 297?
33
Let k(l) = -2*l**2 + 84*l + 177. Let h be k(43). Calculate the highest common factor of h and 14.
7
Suppose 0 = o + 5*v - 16, 0*o - v - 64 = -3*o. Suppose -5*h - b = -30, 13 = 4*h - 2*b - 25. What is the greatest common divisor of o and h?
7
Let x(h) = -9*h + 13 - 3*h**2 - 6*h + 4*h**2 + 16*h. Let m be x(0). Calculate the greatest common divisor of 104 and m.
13
Let b be 2*19/(-1)*1. Let x be -5 - -3 - (b + 7). What is the highest common factor of x and 145?
29
Suppose -5*j + j = -12. Suppose 18 = c + j*y - 23, 4*c + 3*y - 137 = 0. What is the greatest common divisor of 48 and c?
16
Let p be -2 + (-2 + -10)*21/(-9). What is the highest common factor of 325 and p?
13
Suppose -5*d = -t - 0*t + 6, -3*t - 2*d + 1 = 0. Suppose 0*w + 36 = 4*w. Let v be (-2)/(t + -3)*w. Calculate the highest common factor of 1 and v.
1
Let g(b) = 260*b**2 - 1. Let o be g(-1). Calculate the highest common factor of o and 111.
37
Suppose -2*v + 0 = -4*g + 14, -g = 2*v - 16. Suppose 17*x = g*x + 2640. Calculate the highest common factor of x and 96.
48
Let i(a) = 7*a - 6 - 10*a + 4*a + 0. Let f be i(10). Calculate the greatest common divisor of f and 4.
4
Let z(g) = -4*g**2 + 32*g - 60. Let a(j) = j**2 - 11*j + 20. Let q(s) = -14*a(s) - 5*z(s). Let x be q(5). What is the highest common factor of x and 35?
35
Let l(k) = -k**3 - k**2 - 3*k + 30. Let v = -7 - -7. Let n be l(v). Suppose -4*r + 52 = 12. What is the highest common divisor of r and n?
10
Let y be (-2)/(-10)*0/32. Suppose -18*v + 217 - 1 = y. Calculate the highest common factor of v and 3.
3
Suppose 5*s - 3*s = 0. Suppose s*p + q + 21 = p, 3*p = 4*q + 68. Calculate the greatest common divisor of p and 128.
16
Suppose -3*k + 22 = 4*b, 0 = 3*b + 22*k - 20*k - 17. What is the highest common divisor of b and 119?
7
Let r be (-1)/(2 - 15/8). Let v be (0 - -22) + r + 8. Calculate the highest common divisor of v and 55.
11
Suppose -4*c + 950 = 5*k, -2*k = 2*k + 3*c - 761. Let w = -358 - -220. Let s = w + k. What is the highest common factor of 7 and s?
7
Let f be (-187)/44 + 4 - 705/(-4). What is the greatest common factor of f and 132?
44
Let p = -267 + 386. What is the greatest common divisor of 17 and p?
17
Let c be ((-45)/30)/(1/(-222)). Suppose -g + 4*g = c. Calculate the greatest common factor of 37 and g.
37
Let a be (-2)/(-5) - (-48)/5. Let z = 177 - -41. Suppose -2*j - 2*c = -z, 5*j = j + 5*c + 445. Calculate the highest common divisor of a and j.
10
Let c(k) = 2*k**3 + 27*k**2 + 33*k - 34. Let x be c(-12). Let m = 2 - 0. Calculate the greatest common factor of m and x.
2
Let d be 3*(-4 - -5) - -2. Suppose 2*j + 120 = d*w, -2*w + 7*w = j + 125. Calculate the greatest common divisor of w and 130.
26
Suppose -3*r = r - 336. Suppose -5*f = -3 - 7. Suppose 4*z - 24 = f*z. What is the greatest common divisor of z and r?
12
Suppose 0*l - 7 = 4*l + 5*o, -4*l + 23 = -5*o. Let d be (0 + (6 - -4))/l. Calculate the greatest common factor of d and 1.
1
Let x(z) = -z**2 - 2*z - 1. Let p be x(-2). Let o = p - -15. What is the greatest common divisor of 2 and o?
2
Let l = 11 - 9. Suppose -p = x - 14, 67 = l*p + 3*p + 4*x. What is the greatest common divisor of p and 44?
11
Suppose 0 = 5*g - 48 - 252. What is the highest common factor of 105 and g?
15
Let c(g) be the second derivative of g**4/12 - 3*g**3 + 18*g**2 - 9*g. Let f be c(16). What is the greatest common divisor of f and 6?
2
Let r = 459 - 234. Calculate the greatest common divisor of r and 45.
45
Suppose 3 = 3*s - 6*s. Let t be 3 + -2 + 4 + s. Suppose -t*l + 44 = u, -4*u + 3*u + 49 = -l. What is the highest common divisor of 6 and u?
6
Suppose -a = -l - 24 - 3, 2*l = -4*a + 138. What is the highest common divisor of 16 and a?
16
Suppose 4*h + 36 = 3*p, -2*h - 26 = -p - p. What is the highest common factor of 32 and p?
16
Let k = 5081 + -3342. What is the greatest common factor of k and 37?
37
Let m(s) = 9*s**2 + 5*s - 13. Let o(l) = -28*l**2 - 16*l + 40. Let y(z) = 16*m(z) + 5*o(z). Let a be y(3). What is the greatest common factor of 14 and a?
14
Let j(d) = d**2 + 12*d + 71. Let c be j(-7). Let n be 6*5*(-5)/(-75)*c. What is the highest common factor of n and 54?
18
Let i be ((-88)/154)/((-1)/(-28)*-2). Calculate the highest common divisor of 56 and i.
8
Let j = -3 + 6. Let b(a) = 2*a**3 - 3*a**2 - 2*a - 4. Let t be b(j). What is the highest common divisor of t and 17?
17
Let g be (-3 - (2 + 27))/(-1 + 0). Let c be 1 - 2/(-1*4/g). Calculate the highest common factor of c and 34.
17
Suppose -6*a + 4 = -8. Suppose -58 = -4*k - a. What is the greatest common factor of k and 98?
14
Let p = 4 + -7. Let i(r) = -5*r + 1. Let m be i(p). Suppose -4*c = l - 253, -5*l + 28 = 